{"id":584,"date":"2025-11-12T15:35:51","date_gmt":"2025-11-12T14:35:51","guid":{"rendered":"https:\/\/ropearquitectura.com\/4rch1t3c\/?page_id=584"},"modified":"2025-12-18T15:16:24","modified_gmt":"2025-12-18T19:16:24","slug":"revive","status":"publish","type":"page","link":"https:\/\/ropearquitectura.com\/4rch1t3c\/revive\/","title":{"rendered":"ReVive"},"content":{"rendered":"\t\t<div data-elementor-type=\"wp-page\" data-elementor-id=\"584\" class=\"elementor elementor-584\">\n\t\t\t\t<div class=\"e-con-top elementor-element elementor-element-1dcf8df e-flex e-con-boxed e-con e-parent\" data-id=\"1dcf8df\" data-element_type=\"container\" data-settings=\"{&quot;background_background&quot;:&quot;classic&quot;}\">\n\t\t\t\t\t<div class=\"e-con-inner\">\n\t\t<div class=\"elementor-element elementor-element-6eeaed6 e-con-full e-flex e-con e-child\" data-id=\"6eeaed6\" data-element_type=\"container\">\n\t\t\t\t<div class=\"elementor-element elementor-element-057911d elementor-widget elementor-widget-image\" data-id=\"057911d\" data-element_type=\"widget\" data-widget_type=\"image.default\">\n\t\t\t\t\t\t\t\t\t\t\t\t\t\t\t<img fetchpriority=\"high\" decoding=\"async\" width=\"282\" height=\"221\" src=\"https:\/\/ropearquitectura.com\/4rch1t3c\/wp-content\/uploads\/2025\/11\/ReVive-IC.png\" class=\"attachment-medium size-medium wp-image-694\" alt=\"\" \/>\t\t\t\t\t\t\t\t\t\t\t\t\t\t\t<\/div>\n\t\t\t\t<\/div>\n\t\t<div class=\"elementor-element elementor-element-ea4cc73 e-con-full e-flex e-con e-child\" data-id=\"ea4cc73\" data-element_type=\"container\">\n\t\t\t\t<div class=\"elementor-element elementor-element-e09f9bb elementor-widget elementor-widget-heading\" data-id=\"e09f9bb\" data-element_type=\"widget\" data-widget_type=\"heading.default\">\n\t\t\t\t\t<h2 class=\"elementor-heading-title elementor-size-default\">ReVive<\/h2>\t\t\t\t<\/div>\n\t\t\t\t<div class=\"elementor-element elementor-element-d0d55b9 elementor-widget elementor-widget-heading\" data-id=\"d0d55b9\" data-element_type=\"widget\" data-widget_type=\"heading.default\">\n\t\t\t\t\t<h2 class=\"elementor-heading-title elementor-size-default\">Redise\u00f1a tu espacio sin obras ni estr\u00e9s.<\/h2>\t\t\t\t<\/div>\n\t\t\t\t<div class=\"elementor-element elementor-element-2c25f62 elementor-widget elementor-widget-text-editor\" data-id=\"2c25f62\" data-element_type=\"widget\" data-widget_type=\"text-editor.default\">\n\t\t\t\t\t\t\t\t\t<p><em>Ideal para quienes ya viven en su hogar y desean renovarlo con intenci\u00f3n.<\/em><br \/><em>Creamos una propuesta de redise\u00f1o funcional y moderna, con piezas que puedes adquirir y<\/em><br \/><em>montar por tu cuenta.<\/em><\/p>\t\t\t\t\t\t\t\t<\/div>\n\t\t\t\t<\/div>\n\t\t\t\t\t<\/div>\n\t\t\t\t<\/div>\n\t\t<div class=\"e-con-top elementor-element elementor-element-d3100e6 e-con-full e-flex e-con e-parent\" data-id=\"d3100e6\" data-element_type=\"container\">\n\t\t<div class=\"elementor-element elementor-element-a92870a e-con-full e-flex e-con e-child\" data-id=\"a92870a\" data-element_type=\"container\" data-settings=\"{&quot;background_background&quot;:&quot;classic&quot;}\">\n\t\t\t\t<div class=\"elementor-element elementor-element-d4d8ff4 elementor-widget elementor-widget-heading\" data-id=\"d4d8ff4\" data-element_type=\"widget\" data-widget_type=\"heading.default\">\n\t\t\t\t\t<h2 class=\"elementor-heading-title elementor-size-default\">INCLUYE:<\/h2>\t\t\t\t<\/div>\n\t\t\t\t<div class=\"elementor-element elementor-element-2217279 elementor-widget elementor-widget-text-editor\" data-id=\"2217279\" data-element_type=\"widget\" data-widget_type=\"text-editor.default\">\n\t\t\t\t\t\t\t\t\t<ul><li>Levantamiento + an\u00e1lisis del espacio.<\/li><li>Lista de compras con enlaces y referencias.<\/li><li>Fotomontaje digital en PDF.<\/li><li>30 minutos de acompa\u00f1amiento por Zoom al momento de ejecutar<\/li><\/ul>\t\t\t\t\t\t\t\t<\/div>\n\t\t\t\t<div class=\"elementor-element elementor-element-0b07ed8 elementor-widget elementor-widget-text-editor\" data-id=\"0b07ed8\" data-element_type=\"widget\" data-widget_type=\"text-editor.default\">\n\t\t\t\t\t\t\t\t\t<p><strong>Tiempo de Entrega:<\/strong> 3 semanas.<\/p><p><strong>Modalidad:<\/strong> Virtual o Presencial (Santo Domingo)<\/p>\t\t\t\t\t\t\t\t<\/div>\n\t\t\t\t<div class=\"elementor-element elementor-element-59e8a4d elementor-button-primary elementor-align-center elementor-widget elementor-widget-button\" data-id=\"59e8a4d\" data-element_type=\"widget\" data-widget_type=\"button.default\">\n\t\t\t\t\t\t\t\t\t\t<a class=\"elementor-button elementor-button-link elementor-size-sm\" href=\"https:\/\/ropearquitectura.com\/4rch1t3c\/servicio-revive\/\">\n\t\t\t\t\t\t<span class=\"elementor-button-content-wrapper\">\n\t\t\t\t\t\t\t\t\t<span class=\"elementor-button-text\">Solicitar mi ReVive<\/span>\n\t\t\t\t\t<\/span>\n\t\t\t\t\t<\/a>\n\t\t\t\t\t\t\t\t<\/div>\n\t\t\t\t<\/div>\n\t\t<div class=\"elementor-element elementor-element-43ed487 e-con-full e-flex e-con e-child\" data-id=\"43ed487\" data-element_type=\"container\" data-settings=\"{&quot;background_background&quot;:&quot;classic&quot;}\">\n\t\t\t\t<div class=\"elementor-element elementor-element-8b8d004 elementor-widget elementor-widget-image\" data-id=\"8b8d004\" data-element_type=\"widget\" data-widget_type=\"image.default\">\n\t\t\t\t\t\t\t\t\t\t\t\t\t\t\t<img decoding=\"async\" src=\"https:\/\/ropearquitectura.com\/4rch1t3c\/wp-content\/uploads\/elementor\/thumbs\/ReVive-03-W-scaled-rexvfbpls4nqc2bxo3323nojea90rwmr3315lb20ds.png\" title=\"ReVive-03-W\" alt=\"ReVive-03-W\" loading=\"lazy\" \/>\t\t\t\t\t\t\t\t\t\t\t\t\t\t\t<\/div>\n\t\t\t\t<\/div>\n\t\t\t\t<\/div>\n\t\t<div class=\"e-con-top elementor-element elementor-element-5d8a25c e-flex e-con-boxed e-con e-parent\" data-id=\"5d8a25c\" data-element_type=\"container\" data-settings=\"{&quot;background_background&quot;:&quot;classic&quot;}\">\n\t\t\t\t\t<div class=\"e-con-inner\">\n\t\t\t\t<div class=\"elementor-element elementor-element-2f15d30 elementor-widget elementor-widget-shortcode\" data-id=\"2f15d30\" data-element_type=\"widget\" data-widget_type=\"shortcode.default\">\n\t\t\t\t\t\t\t<div class=\"elementor-shortcode\"><div id='gallery-1' class='gallery galleryid-584 gallery-columns-3 gallery-size-thumbnail'><figure class='gallery-item'>\n\t\t\t<div class='gallery-icon landscape'>\n\t\t\t\t<a href='https:\/\/ropearquitectura.com\/4rch1t3c\/revive\/revive-05-w\/'><img decoding=\"async\" width=\"150\" height=\"150\" src=\"https:\/\/ropearquitectura.com\/4rch1t3c\/wp-content\/uploads\/2025\/11\/ReVive-05-W-150x150.jpg\" class=\"attachment-thumbnail size-thumbnail\" alt=\"\" srcset=\"https:\/\/ropearquitectura.com\/4rch1t3c\/wp-content\/uploads\/2025\/11\/ReVive-05-W-150x150.jpg 150w, https:\/\/ropearquitectura.com\/4rch1t3c\/wp-content\/uploads\/2025\/11\/ReVive-05-W-600x600.jpg 600w, https:\/\/ropearquitectura.com\/4rch1t3c\/wp-content\/uploads\/2025\/11\/ReVive-05-W-100x100.jpg 100w\" sizes=\"(max-width: 150px) 100vw, 150px\" \/><\/a>\n\t\t\t<\/div><\/figure><figure class='gallery-item'>\n\t\t\t<div class='gallery-icon portrait'>\n\t\t\t\t<a href='https:\/\/ropearquitectura.com\/4rch1t3c\/revive\/revive-04-w\/'><img decoding=\"async\" width=\"150\" height=\"150\" src=\"https:\/\/ropearquitectura.com\/4rch1t3c\/wp-content\/uploads\/2025\/11\/ReVive-04-W-150x150.png\" class=\"attachment-thumbnail size-thumbnail\" alt=\"\" srcset=\"https:\/\/ropearquitectura.com\/4rch1t3c\/wp-content\/uploads\/2025\/11\/ReVive-04-W-150x150.png 150w, https:\/\/ropearquitectura.com\/4rch1t3c\/wp-content\/uploads\/2025\/11\/ReVive-04-W-600x600.png 600w, https:\/\/ropearquitectura.com\/4rch1t3c\/wp-content\/uploads\/2025\/11\/ReVive-04-W-100x100.png 100w\" sizes=\"(max-width: 150px) 100vw, 150px\" \/><\/a>\n\t\t\t<\/div><\/figure><figure class='gallery-item'>\n\t\t\t<div class='gallery-icon portrait'>\n\t\t\t\t<a href='https:\/\/ropearquitectura.com\/4rch1t3c\/revive\/revive-02-w\/'><img loading=\"lazy\" decoding=\"async\" width=\"150\" height=\"150\" src=\"https:\/\/ropearquitectura.com\/4rch1t3c\/wp-content\/uploads\/2025\/11\/ReVive-02-W-150x150.png\" class=\"attachment-thumbnail size-thumbnail\" alt=\"\" srcset=\"https:\/\/ropearquitectura.com\/4rch1t3c\/wp-content\/uploads\/2025\/11\/ReVive-02-W-150x150.png 150w, https:\/\/ropearquitectura.com\/4rch1t3c\/wp-content\/uploads\/2025\/11\/ReVive-02-W-600x600.png 600w, https:\/\/ropearquitectura.com\/4rch1t3c\/wp-content\/uploads\/2025\/11\/ReVive-02-W-100x100.png 100w\" sizes=\"(max-width: 150px) 100vw, 150px\" \/><\/a>\n\t\t\t<\/div><\/figure><figure class='gallery-item'>\n\t\t\t<div class='gallery-icon portrait'>\n\t\t\t\t<a href='https:\/\/ropearquitectura.com\/4rch1t3c\/revive\/revive-01-w\/'><img loading=\"lazy\" decoding=\"async\" width=\"150\" height=\"150\" src=\"https:\/\/ropearquitectura.com\/4rch1t3c\/wp-content\/uploads\/2025\/11\/ReVive-01-W-150x150.png\" class=\"attachment-thumbnail size-thumbnail\" alt=\"\" srcset=\"https:\/\/ropearquitectura.com\/4rch1t3c\/wp-content\/uploads\/2025\/11\/ReVive-01-W-150x150.png 150w, https:\/\/ropearquitectura.com\/4rch1t3c\/wp-content\/uploads\/2025\/11\/ReVive-01-W-600x600.png 600w, https:\/\/ropearquitectura.com\/4rch1t3c\/wp-content\/uploads\/2025\/11\/ReVive-01-W-100x100.png 100w\" sizes=\"(max-width: 150px) 100vw, 150px\" \/><\/a>\n\t\t\t<\/div><\/figure><figure class='gallery-item'>\n\t\t\t<div class='gallery-icon portrait'>\n\t\t\t\t<a href='https:\/\/ropearquitectura.com\/4rch1t3c\/revive\/revive-03-w\/'><img loading=\"lazy\" decoding=\"async\" width=\"150\" height=\"150\" src=\"https:\/\/ropearquitectura.com\/4rch1t3c\/wp-content\/uploads\/2025\/11\/ReVive-03-W-150x150.png\" class=\"attachment-thumbnail size-thumbnail\" alt=\"\" srcset=\"https:\/\/ropearquitectura.com\/4rch1t3c\/wp-content\/uploads\/2025\/11\/ReVive-03-W-150x150.png 150w, https:\/\/ropearquitectura.com\/4rch1t3c\/wp-content\/uploads\/2025\/11\/elementor\/thumbs\/ReVive-03-W-scaled-rexvfbpls4nqc2bxo3323nojea90rwmr3315lb20ds.png 600w, https:\/\/ropearquitectura.com\/4rch1t3c\/wp-content\/uploads\/2025\/11\/ReVive-03-W-100x100.png 100w\" sizes=\"(max-width: 150px) 100vw, 150px\" \/><\/a>\n\t\t\t<\/div><\/figure>\n\t\t<\/div>\n<\/div>\n\t\t\t\t\t\t<\/div>\n\t\t\t\t\t<\/div>\n\t\t\t\t<\/div>\n\t\t\t\t<\/div>\n\t\t","protected":false},"excerpt":{"rendered":"<p>ReVive Redise\u00f1a tu espacio sin obras ni estr\u00e9s. Ideal para quienes ya viven en su hogar y desean renovarlo con intenci\u00f3n.Creamos una propuesta de redise\u00f1o funcional y moderna, con piezas que puedes adquirir ymontar por tu cuenta. INCLUYE: Levantamiento + an\u00e1lisis del espacio. Lista de compras con enlaces y referencias. Fotomontaje digital en PDF. 30 [&hellip;]<\/p>\n","protected":false},"author":1,"featured_media":0,"parent":0,"menu_order":0,"comment_status":"closed","ping_status":"closed","template":"","meta":{"_acf_changed":false,"footnotes":""},"class_list":["post-584","page","type-page","status-publish","hentry"],"acf":[],"_links":{"self":[{"href":"https:\/\/ropearquitectura.com\/4rch1t3c\/wp-json\/wp\/v2\/pages\/584","targetHints":{"allow":["GET"]}}],"collection":[{"href":"https:\/\/ropearquitectura.com\/4rch1t3c\/wp-json\/wp\/v2\/pages"}],"about":[{"href":"https:\/\/ropearquitectura.com\/4rch1t3c\/wp-json\/wp\/v2\/types\/page"}],"author":[{"embeddable":true,"href":"https:\/\/ropearquitectura.com\/4rch1t3c\/wp-json\/wp\/v2\/users\/1"}],"replies":[{"embeddable":true,"href":"https:\/\/ropearquitectura.com\/4rch1t3c\/wp-json\/wp\/v2\/comments?post=584"}],"version-history":[{"count":80,"href":"https:\/\/ropearquitectura.com\/4rch1t3c\/wp-json\/wp\/v2\/pages\/584\/revisions"}],"predecessor-version":[{"id":2050,"href":"https:\/\/ropearquitectura.com\/4rch1t3c\/wp-json\/wp\/v2\/pages\/584\/revisions\/2050"}],"wp:attachment":[{"href":"https:\/\/ropearquitectura.com\/4rch1t3c\/wp-json\/wp\/v2\/media?parent=584"}],"curies":[{"name":"wp","href":"https:\/\/api.w.org\/{rel}","templated":true}]}}